 be (-6)/v + 13 + -3. Suppose -o = -z + t, -2*z - o = -4*z + 13. What is the remainder when 9 is divided by z?
4
Let f(a) = 11*a**2 + 1. Let l(n) = n**2. Let o(q) = f(q) - 6*l(q). Calculate the remainder when 2/(-9) - (-5)/135*222 is divided by o(1).
2
Suppose -17*z - 1316 = -24*z. Let h = -132 + z. Calculate the remainder when 277 is divided by h.
53
Let f(j) = j + 148. Calculate the remainder when f(-42) is divided by 25.
6
Suppose 4*d - 3*j = 14, 5*d - 3 - 5 = -j. Suppose 5*n + 2*m = 3*m + 19, d*n - 22 = 4*m. What is the remainder when 13 is divided by n?
1
Suppose -4*u - 5*y + 44 + 46 = 0, 0 = 5*u + 3*y - 106. Suppose 8*z + u = 13*z. What is the remainder when 3/((-2)/(152/(-12))) is divided by z?
3
Let s(m) = m**2 - 3*m + 2. Let k = -1294 - -1348. Calculate the remainder when k is divided by s(6).
14
Let o(v) = -v**3 - 12*v**2 + 9*v - 16. Suppose 7*m - 3*m - 420 = 0. Calculate the remainder when m is divided by o(-13).
33
Let m(g) = -3*g**2 - 2*g - 3*g**2 - 2*g**2 + 9*g**2 - 4. Let z be m(14). Let o = z - 41. What is the remainder when o is divided by 25?
23
Let h(g) = g**2 - 6*g + 40. Let j be h(8). Let b = j - 46. What is the remainder when 28 is divided by b?
8
Let t(l) = 2*l**2 + 2*l + 4. Let r(v) = -v**3 + 11*v**2 - 11*v + 14. Let q = 3 + 7. Let a be r(q). Calculate the remainder when t(a) is divided by 23.
21
Let p be (-1)/8 - (-100)/32. Suppose 5*o + 96 = 4*u, 50 + 29 = p*u - 2*o. Calculate the remainder when u is divided by 15.
14
Let c be (12/10)/(24/80). Suppose -3*a + 49 = -5*s, -s = s + c. Calculate the remainder when 24 is divided by a.
11
Let y(p) = -13*p - 125. Let i be 2/(-7) + 4/14. Suppose -2*w + 6 = -i. Calculate the remainder when y(-10) is divided by w.
2
Let i = -93 - -105. Calculate the remainder when ((-6)/i)/(2/(-200)) is divided by 28.
22
Suppose v - 3*i - 1 = -21, -5*i = -10. What is the remainder when (-6)/21 + (-718)/v is divided by 26?
25
Suppose 71 = 4*g + 3. Calculate the remainder when 111 is divided by g.
9
Let h = 389 - 376. What is the remainder when 141 is divided by h?
11
Suppose 12*q - 189 = 111. What is the remainder when q is divided by 12?
1
Let c(a) = -2*a**2 - 66*a - 33. What is the remainder when (2/(-3) - -1)*177 is divided by c(-32)?
28
Let m be 0/(1 + -5) - -3. Suppose -j - 270 = -6*j. Suppose -m*b + b = -j. What is the remainder when b is divided by 7?
6
Suppose -8 = 3*o + 91. Let i = o - -45. What is the remainder when i is divided by 3?
0
Let d(y) = -8*y**2 + 193*y - 31. What is the remainder when d(20) is divided by 63?
62
Suppose -3*m + 156 = 3*f, 4*m = f - 98 + 31. Calculate the remainder when f is divided by 19.
17
Calculate the remainder when 58 is divided by 6/2 + 1/(7/203).
26
Let s(f) = -f**3 - 14*f**2 - 38*f + 35. Calculate the remainder when 328 is divided by s(-10).
13
Let r(n) = -n**3 - 20*n**2 - 3*n + 64. What is the remainder when r(-20) is divided by 5?
4
Suppose -122*t - 72 = -128*t. Suppose 25 = 5*s, 3*s + 0*s = 2*j + 9. Calculate the remainder when t is divided by j.
0
Let j = -171 + 215. Calculate the remainder when 305 is divided by j.
41
Suppose 5*w - 1985 = -26*b + 29*b, -5*w + 2*b = -1985. Calculate the remainder when w is divided by 25.
22
Suppose 1468 - 4198 = -35*x. What is the remainder when 79 is divided by x?
1
Let t be (0 - 10 - -1)/((-6)/16). Let v(o) = -o**2 + 27*o - 35. Calculate the remainder when v(t) is divided by 8.
5
Let w be 223/(-5) + (-4)/10. Let c = -218 - -200. Let u = c - w. Calculate the remainder when u is divided by 10.
7
Suppose -2*f + 5*x + 4 + 30 = 0, 5*f = x + 62. Calculate the remainder when 107 is divided by f.
11
Calculate the remainder when 16 is divided by 10 + -4 - (-1 + 0).
2
Let v(f) = 4*f**2 + 13*f + 25. Calculate the remainder when 181 is divided by v(-4).
33
Suppose 10*b = 7*b + 4*l + 586, 5*b + 4*l - 966 = 0. Calculate the remainder when b is divided by 14.
12
Let t be 6/((-5)/(-2) + -1). Suppose -t*o - 7 + 67 = 0. Let n = 121 + -64. What is the remainder when n is divided by o?
12
Let u = 18 - 19. Let f = 5 + u. Suppose 45 = 2*q + 5*i, 3*i + 57 = f*q + 6. Calculate the remainder when q is divided by 4.
3
Let v(w) = 30*w**3 - 2*w**2 + 3*w - 2. Suppose 0 = -13*b + 9 + 4. What is the remainder when 55 is divided by v(b)?
26
Suppose -58 = -4*j + 10. Let m(s) be the third derivative of -s**6/120 - s**5/6 - s**4/8 + s**3/6 + 4*s**2. What is the remainder when m(-10) is divided by j?
14
Let j(w) = -w**3 - 17*w**2 - 81*w - 16. Let u(v) = -5*v - 6. What is the remainder when j(-8) is divided by u(-5)?
18
Suppose -j - f + 63 = 2*f, 2*j - f = 98. Let r = j - 32. What is the remainder when 35 is divided by r?
16
Let d be (-50)/4 + 10/20. Calculate the remainder when 52 is divided by (27/d)/(1 + (-36)/32).
16
Let x be 4/(-18) + 18/81. Suppose -4*j + 12 = 2*z - 4*z, x = -2*z - 3*j - 47. Let q = -8 - z. Calculate the remainder when 29 is divided by q.
5
Let f(m) = 5*m**2 - 29*m + 158. What is the remainder when f(8) is divided by 83?
80
Let t(i) be the third derivative of 7*i**5/10 + i**4/24 - i**3/3 - 11*i**2. What is the remainder when t(1) is divided by 22?
19
Suppose -14*z + 3123 = -5*z. What is the remainder when z is divided by 50?
47
Let i = -2 + 3. Calculate the remainder when ((-39)/(-4))/(i/4) is divided by -27 + 41 + (2 + 4)*1.
19
Let r = 872 + -831. Calculate the remainder when 119 is divided by r.
37
Let c = 51 + -38. Suppose -14*u + c*u + 6 = 0. Calculate the remainder when 11 is divided by u.
5
Suppose 0 = -z - 2*o + 115, -4*z + 3*z + 97 = -4*o. What is the remainder when z is divided by 55?
54
Suppose -21 - 6 = -3*x. What is the remainder when ((-2)/2)/((-15)/255) is divided by x?
8
Let b(m) = 46*m + 157. What is the remainder when 57 is divided by b(-3)?
0
Let n = 156 + -71. Let x(c) = c**3 + 84*c**2 + 601*c - 12. What is the remainder when n is divided by x(-8)?
41
Suppose -3*i - 1 + 22 = 0. Let l(u) = -u + 20. Let g(a) = a + 3. Let b be g(-3). Calculate the remainder when l(b) is divided by i.
6
Let k(s) = -s**3 + 5*s**2 - s - 2. Let g be k(4). Suppose 0 = 7*l + g - 52. Calculate the remainder when l is divided by 5.
1
Let a = -8 - -15. Suppose r - 6*r + 250 = 0. Let w = r + -39. What is the remainder when w is divided by a?
4
Let j = 738 + -734. Calculate the remainder when 218 is divided by j.
2
Suppose -2*w + 836 = 2*w. What is the remainder when w is divided by 49 - (6 + -2 + -8)?
50
Suppose 0 = 4*f - 68 - 48. What is the remainder when 142 is divided by f?
26
Calculate the remainder when 93 is divided by -2*(19 + 2)/(-3).
9
What is the remainder when 78 is divided by 21 + -1 + 3 + -2?
15
Let l(a) = -a**3 + 9*a**2 - 7*a + 3. What is the remainder when l(4) is divided by 14?
13
Let k = 358 - 282. Calculate the remainder when k is divided by 26*(-2 + 7/2).
37
Let u(m) = 38*m**2 - 4*m. Let l be u(3). Suppose -4*n = n - l. What is the remainder when n is divided by 23?
20
Let s(h) = -h + 1. Let b(w) = -18*w - 7. Let t(v) = -b(v) + 6*s(v). Calculate the remainder when t(8) is divided by 28.
25
Let x(z) = z**3 - 36*z**2 + 40*z + 141. Calculate the remainder when x(35) is divided by 25.
16
Suppose 0 = 38*u + 1166 - 4282. Calculate the remainder when 161 is divided by u.
79
Let t = -273 - -348. Calculate the remainder when t is divided by 19.
18
Suppose u = -3*g - 20, -3*u = 2*g + 2*g + 65. Let p = u + 219. What is the remainder when p is divided by 22?
20
Suppose 4 = 4*l - 4. Let p be 126/l - (-4 - -3). Let c = p + -5. What is the remainder when c is divided by 20?
19
Let w be (1 - -1) + (-1 - -1). Suppose 0*l - l = -5*k + 144, -w*l - 85 = -3*k. Suppose 4*z - 12 - 20 = 0. Calculate the remainder when k is divided by z.
5
Suppose 0 = 4*n - 7*n - 5*u + 23, 0 = 3*n - 2*u - 16. Suppose 16 = -463*o + 464*o. Calculate the remainder when o is divided by n.
4
Let c = 259 - 21. What is the remainder when c is divided by 60?
58
Suppose p + 21 - 3 = i, -5*p - 4*i - 108 = 0. Calculate the remainder when (-4)/p - 39/(-5) is divided by 4.
0
Let l(v) = 69 + 0*v**2 + v**2 - 3*v - 91. What is the remainder when l(-6) is divided by 9?
5
Suppose 7 = -5*h + 32. Let w = -1078 + 1083. Suppose h*m + 27 = c, -5*m + 45 = -0*c + w*c. Calculate the remainder when 44 is divided by c.
8
Let z = 9 - 4. Calculate the remainder when (-48)/(-20)*(-20)/